{"id":2032,"date":"2014-06-13T12:46:25","date_gmt":"2014-06-13T12:46:25","guid":{"rendered":"http:\/\/www.tokaj.org\/en\/?page_id=2032"},"modified":"2023-04-21T07:54:57","modified_gmt":"2023-04-21T07:54:57","slug":"wheretobuy","status":"publish","type":"page","link":"https:\/\/www.fuleky-tokaj.hu\/eng\/wheretobuy\/","title":{"rendered":"Where to Buy"},"content":{"rendered":"<p>[vc_row][vc_column][vc_empty_space][vc_column_text]<\/p>\n<h5 style=\"text-align: center;\"><span class=\"\">We look forward to seeing you in our winery for wine<\/span><br \/>\n<span class=\"\">tasting and visit!<\/span><br \/>\nPlease contact or call us for an appointment.<\/h5>\n<p>[\/vc_column_text][vc_empty_space][vc_empty_space][\/vc_column][\/vc_row][vc_row][vc_column][vc_tta_tabs color=&#8221;chino&#8221; gap=&#8221;1&#8243; active_section=&#8221;1&#8243; pagination_style=&#8221;flat-rounded&#8221; pagination_color=&#8221;orange&#8221;][vc_tta_section title=&#8221;<strong><em>WINE SHOPS<\/em><\/strong>&#8221; tab_id=&#8221;1650976793129-ab4324d3-b832&#8243;][vc_column_text]<\/p>\n<p style=\"font-size: 16px;\"><strong>TUBORTEKA<\/strong><br \/>\n<em>7100 Szeksz\u00e1rd<br \/>\nTel.: +36 20 260 9289<\/em><br \/>\n<a href=\"https:\/\/www.tuborteka.hu\/\" target=\"_blank\" rel=\"noopener noreferrer\"><em><u>www.tuborteka.hu<\/u><\/em><\/a><\/p>\n<p>&nbsp;<\/p>\n<p style=\"font-size: 16px;\"><strong>BORZSONG\u00d3<\/strong><br \/>\n<em>8200 Veszpr\u00e9m, Szent Istv\u00e1n utca 43.<\/em><br \/>\n<a href=\"https:\/\/www.facebook.com\/borzsongo\/\" target=\"_blank\" rel=\"noopener noreferrer\"><em><u>www.facebook.com\/borzsongo\/<\/u><\/em><\/a><\/p>\n<p>&nbsp;<\/p>\n<p style=\"font-size: 16px;\"><strong>PAMPETRICS BORSZAK\u00dcZLET<\/strong><br \/>\n<em>8360 Keszthely, Kossuth Lajos u. 22. (S\u00e9t\u00e1l\u00f3 utca)<\/em><br \/>\n<em>Tel.: +36 83 312 551<\/em><br \/>\n<em><a href=\"https:\/\/pampetrics.hu\/\" target=\"_blank\" rel=\"noopener noreferrer\">www.pampetrics.hu<\/a><\/em><\/p>\n<p>&nbsp;<\/p>\n<p style=\"font-size: 16px;\"><strong>TASTING TABLE BUDAPEST<\/strong><br \/>\n<em>1088 Budapest, Br\u00f3dy S\u00e1ndor utca 9.<\/em><br \/>\n<em>Tel.: +36 30 339 5446<\/em><br \/>\n<em><a href=\"https:\/\/tastehungary.com\/tasting-table-budapest\/\" target=\"_blank\" rel=\"noopener noreferrer\">www.tastehungary.com<\/a><\/em><\/p>\n<p>&nbsp;<\/p>\n<p style=\"font-size: 16px;\"><strong>BORM\u00c1NIA<\/strong><br \/>\n<em>2120 Dunakeszi, F\u0151 \u00fat 89.<\/em><br \/>\n<em>Tel.: +36 27 632 794<br \/>\n<\/em><em><a href=\"https:\/\/www.bormania.hu\" target=\"_blank\" rel=\"noopener noreferrer\">www.bormania.hu<\/a><\/em><\/p>\n<p>&nbsp;<\/p>\n<p style=\"font-size: 16px;\"><strong>BORB\u00c1ZIS<\/strong><br \/>\n<em>1068 Budapest, Kir\u00e1ly u. 54.<\/em><br \/>\n<em><a href=\"https:\/\/www.borbazis.hu\" target=\"_blank\" rel=\"noopener noreferrer\">www.borbazis.hu<\/a><\/em><\/p>\n<p>&nbsp;<\/p>\n<p style=\"font-size: 16px;\"><strong>LIVINUM BORPATIKA<\/strong><br \/>\n<em>2094 Nagykov\u00e1csi, Kossuth Lajos u. 105.<\/em><\/p>\n<p>&nbsp;<\/p>\n<p style=\"font-size: 16px;\"><strong>BREAD CHEESE AND WINE<\/strong><br \/>\n<em>3916 Bodrogkereszt\u00far, Kossuth u. 77.<\/em><\/p>\n<p>[\/vc_column_text][\/vc_tta_section][vc_tta_section title=&#8221;<strong><em>HORECA<\/em><\/strong>&#8221; tab_id=&#8221;1650976793161-058ba3f5-2810&#8243;][vc_column_text]<\/p>\n<p style=\"font-size: 16px;\"><strong>MEZZO<\/strong><br \/>\n<em>1122 Budapest, Maros utca 28.<\/em><br \/>\n<a href=\"https:\/\/www.mezzo-restaurant.hu\" target=\"_blank\" rel=\"noopener noreferrer\"><em><u>www.mezzo-restaurant.hu<\/u><\/em><\/a><\/p>\n<p>&nbsp;<\/p>\n<p style=\"font-size: 16px;\"><strong>ARANY KAVI\u00c1R \u00c9TTEREM<\/strong><br \/>\n<em>1015 Budapest, Ostrom utca 19.<\/em><br \/>\n<em>Tel.: (+36) 30 685 6000<\/em><br \/>\n<a href=\"https:\/\/www.aranykaviar.hu\" target=\"_blank\" rel=\"noopener noreferrer\"><em><u>www.aranykaviar.hu<\/u><\/em><\/a><\/p>\n<p>&nbsp;<\/p>\n<p style=\"font-size: 16px;\"><strong>KEMPINSKI HOTEL<\/strong><br \/>\n<em>1051 Budapest, Erzs\u00e9bet t\u00e9r 7-8.<\/em><br \/>\n<em>Tel.: (+36) 1 429 3777<\/em><br \/>\n<a href=\"https:\/\/www.kempinski.com\/hu\/budapest\/hotel-corvinus\/\" target=\"_blank\" rel=\"noopener noreferrer\"><em><u>www.kempinski.com<\/u><\/em><\/a><\/p>\n<p>&nbsp;<\/p>\n<p style=\"font-size: 16px;\"><strong>SZALONSPICC<\/strong><br \/>\n<em>1024 Budapest, L\u00f6v\u0151h\u00e1z utca 17.<\/em><br \/>\n<em>Tel.: (+36) 30 861 9006<\/em><br \/>\n<a href=\"http:\/\/www.szalonspicc.hu\" target=\"_blank\" rel=\"noopener noreferrer\"><em><u>www.szalonspicc.hu<\/u><\/em><\/a><\/p>\n<p>&nbsp;<\/p>\n<p style=\"font-size: 16px;\"><strong>KISFALUDY BORB\u00c1R<\/strong><br \/>\n<em>9021 Gy\u0151r, Kisfaludy utca 8.<\/em><br \/>\n<em>Tel.: (+36) 30 239 4904<\/em><\/p>\n<p>&nbsp;<\/p>\n<p style=\"font-size: 16px;\"><strong>DOBL\u00d3<\/strong><br \/>\n<em>1072 Budapest, Dob utca 20.<\/em><br \/>\n<em>Tel.: (+36) 20 398 8863<\/em><\/p>\n<p>&nbsp;<\/p>\n<p style=\"font-size: 16px;\"><strong>KERT BISZTR\u00d3<\/strong><br \/>\n<em>1146 Budapest, Th\u00f6k\u00f6ly \u00fat 57\/b.<\/em><br \/>\n<em>Tel.: (+36) 30 292 5714<\/em><\/p>\n<p>&nbsp;<\/p>\n<p style=\"font-size: 16px;\"><strong>MAZEL TOV<\/strong><br \/>\n<em>1073 Budapest, Ak\u00e1cfa utca 47.<\/em><br \/>\n<em>Tel.: (+36) 70 626 4280<\/em><\/p>\n<p>&nbsp;<\/p>\n<p style=\"font-size: 16px;\"><strong>LAUREL \u00c9TTEREM<\/strong><br \/>\n<em>1073 Budapest, Kert\u00e9sz utca 29.<\/em><br \/>\n<em>Tel.: (+36) 20 369 5922<\/em><br \/>\n<a href=\"http:\/\/www.laurelbudapest.hu\" target=\"_blank\" rel=\"noopener noreferrer\"><em><u>www.laurelbudapest.hu<\/u><\/em><\/a><\/p>\n<p>&nbsp;<\/p>\n<p style=\"font-size: 16px;\"><strong>AUM NATURAL \u00c9TTEREM<\/strong><br \/>\n<em>1065 Budapest, Haj\u00f3s utca 32.<\/em><br \/>\n<em>Tel.: (+36) 30 205 7775<\/em><\/p>\n<p>&nbsp;<\/p>\n<p style=\"font-size: 16px;\"><strong>KNYSA<\/strong><br \/>\n<em>8800 Nagykanizsa, Erzs\u00e9bet t\u00e9r 17.<\/em><br \/>\n<em>Tel.: (+36) 30 160 7777<\/em><\/p>\n<p>&nbsp;<\/p>\n<p style=\"font-size: 16px;\"><strong>LE POULET<\/strong><br \/>\n<em>1137 Budapest, Pozsonyi \u00fat 14.<\/em><br \/>\n<em>Tel.: (+36) 1 615 7188<\/em><\/p>\n<p>&nbsp;<\/p>\n<p style=\"font-size: 16px;\"><strong>IBIS STYLES BUDAPEST CITYWEST<\/strong><br \/>\n<em>1118 Budapest, Buda\u00f6rsi u. 88.<\/em><\/p>\n<p>&nbsp;<\/p>\n<p style=\"font-size: 16px;\"><strong>KALICKA BISTRO<\/strong><br \/>\n<em>1077 Budapest, Rottenbiller u. 32.<\/em><br \/>\n<a href=\"http:\/\/www.facebook.com\/kalickabistro\" target=\"_blank\" rel=\"noopener noreferrer\"><em><u>www.facebook.com\/kalickabistro<\/u><\/em><\/a><\/p>\n<p>&nbsp;<\/p>\n<p style=\"font-size: 16px;\"><strong>GRAND HOTEL B\u00c1LV\u00c1NYOS****<\/strong><br \/>\n<em>B\u00e1lv\u00e1nyosf\u00fcrd\u0151, KM 23 DM 11C<br \/>\nRom\u00e1nia<\/em><br \/>\n<em>Tel.: (+40) 267 360 700<\/em><br \/>\n<a href=\"https:\/\/www.balvanyosresort.ro\/\" target=\"_blank\" rel=\"noopener noreferrer\"><em><u>www.balvanyosresort.ro<\/u><\/em><\/a><\/p>\n<p>&nbsp;<\/p>\n<p style=\"font-size: 16px;\"><strong>NOBLE ROT WEINBAR<\/strong><br \/>\n<em>10245 \u2013 Berlin, G\u00e4rtnerstra\u00dfe 6<br \/>\nGermany<\/em><br \/>\n<em>Tel.: (+49) 30 226 00377<\/em><\/p>\n<p>&nbsp;<\/p>\n<p style=\"font-size: 16px;\"><strong>ANDR\u00c1SSY REZIDENCIA WINE &amp; SPA*****<\/strong><br \/>\n<em>3915 Tarcal, F\u0151 u. 94.<br \/>\n<\/em><em>Tel.: (+36) 47 580 015<br \/>\n<\/em><a href=\"https:\/\/www.andrassyrezidencia.hu\/\" target=\"_blank\" rel=\"noopener noreferrer\"><em><u>www.andrassyrezidencia.hu<\/u><\/em><\/a><\/p>\n<p>&nbsp;<\/p>\n<p style=\"font-size: 16px;\"><strong>BISTRO FINE<\/strong><br \/>\n<em>1061 Budapest, Andr\u00e1ssy u. 8.<\/em><br \/>\n<em>Tel.: (+36) 1 611 7090<\/em><br \/>\n<a href=\"https:\/\/www.bistrofine.hu\/\" target=\"_blank\" rel=\"noopener noreferrer\"><em><u>www.bistrofine.hu<\/u><\/em><\/a><\/p>\n<p>&nbsp;<\/p>\n<p style=\"font-size: 16px;\"><strong>VEND\u00c9GL\u0150 A KISB\u00cdR\u00d3HOZ<\/strong><br \/>\n<em>1125 Budapest, Szarvas G\u00e1bor u. 8\/d.<\/em><\/p>\n<p>&nbsp;<\/p>\n<p style=\"font-size: 16px;\"><strong>ANYUK\u00c1M MONDTA \u00c9TTEREM<\/strong><br \/>\n<em>3860 Encs, Pet\u0151fi S\u00e1ndor utca 57.<\/em><br \/>\n<em>Tel.: (+36) 46 587 340<\/em><br \/>\n<a href=\"https:\/\/www.andrassyrezidencia.hu\/\" target=\"_blank\" rel=\"noopener noreferrer\"><em><u>www.anyukammondta.hu<\/u><\/em><\/a><\/p>\n<p>&nbsp;<\/p>\n<p style=\"font-size: 16px;\"><strong>S\u00c1RGA BORH\u00c1Z VEND\u00c9GL\u0150<\/strong><br \/>\n<em>3931 Mez\u0151zombor, Diszn\u00f3k\u0151 d\u0171l\u0151, 37-es f\u0151\u00fat mellett<br \/>\n<\/em><em>Tel.: +36 47 369 029<br \/>\n<\/em><a href=\"https:\/\/www.sarga-borhaz.hu\/\" target=\"_blank\" rel=\"noopener noreferrer\"><em><u>www.sarga-borhaz.hu<\/u><\/em><\/a><\/p>\n<p>&nbsp;<\/p>\n<p style=\"font-size: 16px;\"><strong>ARANYHORD\u00d3 VEND\u00c9GL\u0150<\/strong><br \/>\n<em>1014 Budapest, T\u00e1rnok u. 16.<\/em><br \/>\n<em>Tel.: (+36) 1 356 1367 <\/em><br \/>\n<em><a href=\"https:\/\/www.aranyhordovendeglo.hu\" target=\"_blank\" rel=\"noopener noreferrer\">www.aranyhordovendeglo.hu<\/a><\/em><\/p>\n<p>&nbsp;<\/p>\n<p style=\"font-size: 16px;\"><strong>BAROSS \u00c9TTEREM<\/strong><br \/>\n<em>1087 Budapest, Baross t\u00e9r 11\/A.<\/em><\/p>\n<p>&nbsp;<\/p>\n<p style=\"font-size: 16px;\"><strong>BUDAI GESZTENY\u00c9S NAGYVEND\u00c9GL\u0150<\/strong><br \/>\n<em>2092 Budakeszi, Szanat\u00f3rium u. 2.<\/em><br \/>\n<em>Tel.: (+36) 23 450 534<\/em><br \/>\n<a href=\"https:\/\/www.budaigesztenyes.hu\" target=\"_blank\" rel=\"noopener noreferrer\"><em>www<\/em><em>.budaigesztenyes.hu<\/em><\/a><\/p>\n<p>&nbsp;<\/p>\n<p style=\"font-size: 16px;\"><strong>COSTES DOWNTOWN<\/strong><br \/>\n<em>1051 Budapest, Vigy\u00e1z\u00f3 Ferenc u. 5.<\/em><br \/>\n<em>Tel.: +36 1 219 0696<\/em><br \/>\n<a href=\"https:\/\/www.costes.hu\/\" target=\"_blank\" rel=\"noopener noreferrer\"><em><u>www.costes.hu<\/u><\/em><\/a><\/p>\n<p>&nbsp;<\/p>\n<p style=\"font-size: 16px;\"><strong>HAPIMAG HOTEL<\/strong><br \/>\n<em>1014 Budapest, Fortuna u. 18.<\/em><br \/>\n<em>Tel.: (+36) 1 487 7400<\/em><\/p>\n<p>&nbsp;<\/p>\n<p style=\"font-size: 16px;\"><strong>K\u00c9PZELD EL BORB\u00c1R<\/strong><br \/>\n<em>1077 Budapest, Wessel\u00e9nyi u. 23.<\/em><br \/>\n<em>Tel.: (+36) 70 592 2430<\/em><\/p>\n<p>&nbsp;<\/p>\n<p style=\"font-size: 16px;\"><strong>KISFALUDY BORB\u00c1R<\/strong><br \/>\n<em>9021 Gy\u0151r, Kisfaludy utca 8.<\/em><br \/>\n<em>Tel.: +36 30 239 4904<\/em><br \/>\n<a href=\"https:\/\/www.kisfaludyborbar.hu\" target=\"_blank\" rel=\"noopener noreferrer\"><em><u>www.kisfaludyborbar.hu<\/u><\/em><\/a><\/p>\n<p>&nbsp;<\/p>\n<p style=\"font-size: 16px;\"><strong>MANNA \u00c9TTEREM<\/strong><br \/>\n<em>1013 Budapest, Palota u. 17.<\/em><br \/>\n<em>Tel.: (+36) 20 999 9188<\/em><br \/>\n<em><a href=\"https:\/\/www.mannalounge.com\" target=\"_blank\" rel=\"noopener noreferrer\">www.mannalounge.com<\/a><\/em><\/p>\n<p>&nbsp;<\/p>\n<p style=\"font-size: 16px;\"><strong>PROSIT BORB\u00c1R<\/strong><br \/>\n<em>1051 Budapest, Erzs\u00e9bet t\u00e9r 13.<\/em><\/p>\n<p>&nbsp;<\/p>\n<p style=\"font-size: 16px;\"><strong>SUELTO BISTRO<\/strong><br \/>\n<em>1075 Budapest, Mad\u00e1ch Imre t\u00e9r 1.<\/em><br \/>\n<em>Tel.: (+36) 1 780 9815<\/em><br \/>\n<em><a href=\"https:\/\/www.suelto.hu\" target=\"_blank\" rel=\"noopener noreferrer\">www.suelto.hu<\/a><\/em><\/p>\n<p>[\/vc_column_text][\/vc_tta_section][vc_tta_section title=&#8221;<strong><em>WHOLESALE<\/em><\/strong>&#8221; tab_id=&#8221;1650976813900-a830662f-8a64&#8243;][vc_column_text]<\/p>\n<p style=\"font-size: 16px;\"><strong>BOR \u00c9S M\u00c1S<\/strong><br \/>\n<em>1033 Budapest, Szentendrei \u00fat 89-95.<\/em><br \/>\n<em>Tel.: +36 1 454 1206<\/em><br \/>\n<a href=\"mailto:info@boresmas.hu\" target=\"_blank\" rel=\"noopener noreferrer\"><em>u&gt;info@boresmas.hu<\/em><\/a><br \/>\n<a href=\"https:\/\/www.boresmas.hu\/\" target=\"_blank\" rel=\"noopener noreferrer\"><em><u>www.boresmas.hu<\/u><\/em><\/a><\/p>\n<p>&nbsp;<\/p>\n<p style=\"font-size: 16px;\"><strong>PAMPETRICS BORKERESKED\u00c9S<\/strong><br \/>\n<em>8360 Keszthely, Rezi u. 2.<\/em><br \/>\n<em>Tel.: +36 83 312 551<\/em><br \/>\n<em><a href=\"mailto:pampetricsbor@freemail.hu\" target=\"_blank\" rel=\"noopener noreferrer\">pampetricsbor@freemail.hu<\/a><br \/>\n<a href=\"https:\/\/www.pampetrics.hu\" target=\"_blank\" rel=\"noopener noreferrer\">www.pampetrics.hu<\/a><\/em><\/p>\n<p>&nbsp;<\/p>\n<p style=\"font-size: 16px;\"><strong>TRANSYLWINE<\/strong><br \/>\n<a href=\"https:\/\/www.transylwine.hu\/\" target=\"_blank\" rel=\"noopener noreferrer\"><em><u>www.transylwine.hu<\/u><\/em><\/a><\/p>\n<p>&nbsp;<\/p>\n<p style=\"font-size: 16px;\"><strong>PRESTIGEBOR<\/strong><br \/>\n<a href=\"https:\/\/www.prestigebor.hu\/\" target=\"_blank\" rel=\"noopener noreferrer\"><em><u>www.prestigebor.hu<\/u><\/em><\/a><\/p>\n<p>[\/vc_column_text][\/vc_tta_section][vc_tta_section title=&#8221;<strong><em>ABROAD<\/em><\/strong>&#8221; tab_id=&#8221;1650976812136-0699a0e5-d513&#8243;][vc_column_text]<strong>EUROEAN CONSUMER PRODUCT TRADING Co. Ltd<\/strong><br \/>\n<em>Taiwan<\/em><br \/>\n<a href=\"http:\/\/hungarywine.com.tw\/\" target=\"_blank\" rel=\"noopener\"><em><u>www.hungarywine.com.tw<\/u><\/em><\/a><\/p>\n<p>&nbsp;<\/p>\n<p style=\"font-size: 16px;\"><strong>VINIMUNDI<\/strong><br \/>\n<em>Romania<\/em><br \/>\n<a href=\"https:\/\/www.vinimundi.ro\/\" target=\"_blank\" rel=\"noopener noreferrer\"><em><u>www.vinimundi.ro<\/u><\/em><\/a><\/p>\n<p>&nbsp;<\/p>\n<p style=\"font-size: 16px;\"><strong>SMARAGD WIJNEN<\/strong><br \/>\n<em>Netherlands<\/em><br \/>\n<a href=\"https:\/\/www.smaragdwijnen.nl\/\" target=\"_blank\" rel=\"noopener noreferrer\"><em><u>www.smaragdwijnen.nl<\/u><\/em><\/a><\/p>\n<p>&nbsp;<\/p>\n<p style=\"font-size: 16px;\"><strong>PROPOSTA VINI<\/strong><br \/>\n<em>Italy<\/em><br \/>\n<a href=\"https:\/\/www.propostavini.com\/\" target=\"_blank\" rel=\"noopener noreferrer\"><em><u>www.propostavini.com<\/u><\/em><\/a><\/p>\n<p>&nbsp;<\/p>\n<p style=\"font-size: 16px;\"><strong>AMATHUS DRINKS Plc.<\/strong><br \/>\n<em>United Kingdom<\/em><br \/>\n<a href=\"https:\/\/www.amathusdrinks.com\/\" target=\"_blank\" rel=\"noopener noreferrer\"><em><u>www.amathusdrinks.com<\/u><\/em><\/a><\/p>\n<p>&nbsp;<\/p>\n<p style=\"font-size: 16px;\"><strong>HAVAS &amp; CO<\/strong><br \/>\n<em>Sweden<br \/>\n<\/em><a href=\"http:\/\/www.havas.se\" target=\"_blank\" rel=\"noopener noreferrer\"><em><u>www.havas.se<\/u><\/em><\/a><\/p>\n<p>&nbsp;<\/p>\n<p style=\"font-size: 16px;\"><strong>TWOJEWINO<\/strong><br \/>\n<em>Poland<\/em><br \/>\n<a href=\"https:\/\/www.twojewino.pl\/\" target=\"_blank\" rel=\"noopener noreferrer\"><em><u>www.twojewino.pl<\/u><\/em><\/a><\/p>\n<p>&nbsp;<\/p>\n<p style=\"font-size: 16px;\"><strong>ALIFEA<\/strong><br \/>\n<em>Czech Republic<\/em><br \/>\n<a href=\"https:\/\/www.alifea.cz\/\" target=\"_blank\" rel=\"noopener noreferrer\"><em><u>www.alifea.cz<\/u><\/em><\/a><\/p>\n<p>&nbsp;<\/p>\n<p><strong>BAREVIN<\/strong><br \/>\n<em>Norway<\/em><br \/>\n<a href=\"http:\/\/barevin.no\/\" target=\"_blank\" rel=\"noopener noreferrer\"><em><u>www.barevin.no<\/u><\/em><\/a><\/p>\n<p>&nbsp;<\/p>\n<p><strong>BARKING OWL<\/strong><br \/>\n<em>Malta<\/em><br \/>\n<a href=\"https:\/\/barkingowl.mt\" target=\"_blank\" rel=\"noopener noreferrer\"><em><u>www.barkingowl.mt<\/u><\/em><\/a>[\/vc_column_text][\/vc_tta_section][\/vc_tta_tabs][\/vc_column][\/vc_row][vc_row][vc_column][vc_empty_space][\/vc_column][\/vc_row][vc_row][vc_column]<div class=\"qodef-shortcode qodef-m  qodef-separator clear \">\n\t<div class=\"qodef-m-line\" ><\/div>\n<\/div>[\/vc_column][\/vc_row][vc_row][vc_column width=&#8221;1\/3&#8243;][vc_column_text]<a href=\"https:\/\/bor.hu\/\" target=\"_blank\" rel=\"noopener noreferrer\"><img loading=\"lazy\" decoding=\"async\" class=\"aligncenter wp-image-5589 size-full\" src=\"https:\/\/www.fuleky-tokaj.hu\/eng\/wp-content\/uploads\/2021\/02\/Wines-os-Hungary-2-e1614273359552.png\" alt=\"\" width=\"216\" height=\"92\" \/><\/a>[\/vc_column_text][\/vc_column][vc_column width=&#8221;1\/3&#8243;][vc_column_text]<img loading=\"lazy\" decoding=\"async\" class=\"aligncenter size-full wp-image-4873\" src=\"https:\/\/www.fuleky-tokaj.hu\/eng\/wp-content\/uploads\/2020\/09\/umvp_logo_fekvo-300x92-1.png\" alt=\"\" width=\"300\" height=\"92\" \/>[\/vc_column_text][\/vc_column][vc_column width=&#8221;1\/3&#8243;][vc_column_text]<a href=\"https:\/\/www.wineinmoderation.eu\/\" target=\"_blank\" rel=\"noopener noreferrer\"><img loading=\"lazy\" decoding=\"async\" class=\"aligncenter size-medium wp-image-5588\" src=\"https:\/\/www.fuleky-tokaj.hu\/wp-content\/uploads\/2021\/02\/WiM_Baseline-inside_Gradient-300x86.png\" alt=\"\" width=\"300\" height=\"86\" \/><\/a>[\/vc_column_text][\/vc_column][\/vc_row][vc_row][vc_column][vc_empty_space height=&#8221;24px&#8221;]<div class=\"qodef-shortcode qodef-m  qodef-separator clear \">\n\t<div class=\"qodef-m-line\" ><\/div>\n<\/div>[\/vc_column][\/vc_row]<\/p>\n","protected":false},"excerpt":{"rendered":"<p>[vc_row][vc_column][vc_empty_space][vc_column_text] We look forward to seeing you in our winery for wine tasting and visit! Please contact or call us for an appointment. [\/vc_column_text][vc_empty_space][vc_empty_space][\/vc_column][\/vc_row][vc_row][vc_column][vc_tta_tabs color=&#8221;chino&#8221; gap=&#8221;1&#8243; active_section=&#8221;1&#8243; pagination_style=&#8221;flat-rounded&#8221; pagination_color=&#8221;orange&#8221;][vc_tta_section title=&#8221;WINE SHOPS&#8221; tab_id=&#8221;1650976793129-ab4324d3-b832&#8243;][vc_column_text] TUBORTEKA 7100 Szeksz\u00e1rd Tel.: +36 20 260 9289 www.tuborteka.hu &nbsp; BORZSONG\u00d3 8200 Veszpr\u00e9m, Szent Istv\u00e1n utca 43. www.facebook.com\/borzsongo\/ &nbsp; PAMPETRICS BORSZAK\u00dcZLET 8360 Keszthely, [&hellip;]<\/p>\n","protected":false},"author":1,"featured_media":0,"parent":0,"menu_order":6,"comment_status":"closed","ping_status":"closed","template":"","meta":{"_monsterinsights_skip_tracking":false,"_monsterinsights_sitenote_active":false,"_monsterinsights_sitenote_note":"","_monsterinsights_sitenote_category":0,"footnotes":""},"class_list":["post-2032","page","type-page","status-publish","hentry"],"_links":{"self":[{"href":"https:\/\/www.fuleky-tokaj.hu\/eng\/wp-json\/wp\/v2\/pages\/2032","targetHints":{"allow":["GET"]}}],"collection":[{"href":"https:\/\/www.fuleky-tokaj.hu\/eng\/wp-json\/wp\/v2\/pages"}],"about":[{"href":"https:\/\/www.fuleky-tokaj.hu\/eng\/wp-json\/wp\/v2\/types\/page"}],"author":[{"embeddable":true,"href":"https:\/\/www.fuleky-tokaj.hu\/eng\/wp-json\/wp\/v2\/users\/1"}],"replies":[{"embeddable":true,"href":"https:\/\/www.fuleky-tokaj.hu\/eng\/wp-json\/wp\/v2\/comments?post=2032"}],"version-history":[{"count":11,"href":"https:\/\/www.fuleky-tokaj.hu\/eng\/wp-json\/wp\/v2\/pages\/2032\/revisions"}],"predecessor-version":[{"id":6757,"href":"https:\/\/www.fuleky-tokaj.hu\/eng\/wp-json\/wp\/v2\/pages\/2032\/revisions\/6757"}],"wp:attachment":[{"href":"https:\/\/www.fuleky-tokaj.hu\/eng\/wp-json\/wp\/v2\/media?parent=2032"}],"curies":[{"name":"wp","href":"https:\/\/api.w.org\/{rel}","templated":true}]}}