{"id":1769,"date":"2019-09-11T10:35:02","date_gmt":"2019-09-11T10:35:02","guid":{"rendered":"https:\/\/aperitif.qodeinteractive.com\/?page_id=1769"},"modified":"2026-02-23T08:43:31","modified_gmt":"2026-02-23T08:43:31","slug":"grid-home","status":"publish","type":"page","link":"https:\/\/www.fuleky-tokaj.hu\/eng\/","title":{"rendered":"F\u00fcleky Winery"},"content":{"rendered":"<p>[vc_row][vc_column][\/vc_column][\/vc_row][vc_row][vc_column css=&#8221;.vc_custom_1570530089359{padding-right: 18px !important;padding-bottom: 29px !important;padding-left: 18px !important;}&#8221; column_responsive_padding_1440=&#8221;0 18px 0 18px&#8221; column_responsive_padding_1024=&#8221;0 18px 0 18px&#8221; column_responsive_padding_1280=&#8221;0 18px 0 18px&#8221; column_responsive_padding_768=&#8221;0 18px 0 18px&#8221;]<div class=\"qodef-shortcode qodef-m  qodef-separator clear \">\n\t<div class=\"qodef-m-line\" ><\/div>\n<\/div>\n\t\t\t<!-- START Home 6 REVOLUTION SLIDER 6.2.22 --><p class=\"rs-p-wp-fix\"><\/p>\n\t\t\t<rs-module-wrap id=\"rev_slider_1_1_wrapper\" data-source=\"gallery\" style=\"background:transparent;padding:0;margin:0px auto;margin-top:0px;margin-bottom:0;\">\n\t\t\t\t<rs-module id=\"rev_slider_1_1\" style=\"\" data-version=\"6.2.22\">\n\t\t\t\t\t<rs-slides>\n\t\t\t\t\t\t<rs-slide data-key=\"rs-1\" data-title=\"Slide\" data-thumb=\"\/\/fuleky-tokaj.hu\/eng\/wp-content\/uploads\/2020\/09\/Img_9414r-e1601156705299.jpg\" data-anim=\"ei:d;eo:d;s:1000;r:0;t:fade;sl:0;\" data-firstanim=\"t:fade;s:300;sl:7;\">\n\t\t\t\t\t\t\t<img loading=\"lazy\" decoding=\"async\" src=\"\/\/fuleky-tokaj.hu\/eng\/wp-content\/uploads\/2020\/09\/Img_9414r-e1601156705299.jpg\" title=\"A K\u00faria\" width=\"1824\" height=\"743\" data-bg=\"p:center top;f:contain;\" data-parallax=\"off\" class=\"rev-slidebg\" data-no-retina>\n<!---->\t\t\t\t\t\t<\/rs-slide>\n\t\t\t\t\t\t<rs-slide data-key=\"rs-2\" data-title=\"Slide\" data-thumb=\"\/\/fuleky-tokaj.hu\/eng\/wp-content\/uploads\/2020\/09\/terasz.jpg\" data-anim=\"ei:d;eo:d;s:1000;r:0;t:fade;sl:0;\">\n\t\t\t\t\t\t\t<img loading=\"lazy\" decoding=\"async\" src=\"\/\/fuleky-tokaj.hu\/eng\/wp-content\/uploads\/2020\/09\/terasz.jpg\" title=\"terasz\" width=\"1820\" height=\"743\" data-bg=\"p:center top;f:contain;\" data-parallax=\"off\" class=\"rev-slidebg\" data-no-retina>\n<!---->\t\t\t\t\t\t<\/rs-slide>\n\t\t\t\t\t\t<rs-slide data-key=\"rs-3\" data-title=\"Slide\" data-thumb=\"\/\/fuleky-tokaj.hu\/eng\/wp-content\/uploads\/2020\/09\/Fuleky-borok04.jpg\" data-anim=\"ei:d;eo:d;s:1000;r:0;t:fade;sl:0;\">\n\t\t\t\t\t\t\t<img loading=\"lazy\" decoding=\"async\" src=\"\/\/fuleky-tokaj.hu\/eng\/wp-content\/uploads\/2020\/09\/Fuleky-borok04.jpg\" title=\"F\u00fcleky borok04\" width=\"1823\" height=\"743\" data-bg=\"p:center top;f:contain;\" data-parallax=\"off\" class=\"rev-slidebg\" data-no-retina>\n<!---->\t\t\t\t\t\t<\/rs-slide>\n\t\t\t\t\t\t<rs-slide data-key=\"rs-4\" data-title=\"Slide\" data-thumb=\"\/\/fuleky-tokaj.hu\/eng\/wp-content\/uploads\/2020\/09\/Fulop.jpg\" data-anim=\"ei:d;eo:d;s:1000;r:0;t:fade;sl:0;\">\n\t\t\t\t\t\t\t<img loading=\"lazy\" decoding=\"async\" src=\"\/\/fuleky-tokaj.hu\/eng\/wp-content\/uploads\/2020\/09\/Fulop.jpg\" title=\"F\u00fcl\u00f6p\" width=\"1823\" height=\"743\" data-bg=\"p:center top;f:contain;\" data-parallax=\"off\" class=\"rev-slidebg\" data-no-retina>\n<!---->\t\t\t\t\t\t<\/rs-slide>\n\t\t\t\t\t<\/rs-slides>\n\t\t\t\t<\/rs-module>\n\t\t\t\t<script type=\"text\/javascript\">\n\t\t\t\t\tsetREVStartSize({c: 'rev_slider_1_1',rl:[1240,1024,778,480],el:[530,600,470,330],gw:[1300,1024,778,480],gh:[530,600,470,330],type:'standard',justify:'',layout:'fullwidth',mh:\"0\"});\n\t\t\t\t\tvar\trevapi1,\n\t\t\t\t\t\ttpj;\n\t\t\t\t\tfunction revinit_revslider11() {\n\t\t\t\t\tjQuery(function() {\n\t\t\t\t\t\ttpj = jQuery;\n\t\t\t\t\t\trevapi1 = tpj(\"#rev_slider_1_1\");\n\t\t\t\t\t\tif(revapi1==undefined || revapi1.revolution == undefined){\n\t\t\t\t\t\t\trevslider_showDoubleJqueryError(\"rev_slider_1_1\");\n\t\t\t\t\t\t}else{\n\t\t\t\t\t\t\trevapi1.revolution({\n\t\t\t\t\t\t\t\tduration:\"4000ms\",\n\t\t\t\t\t\t\t\tvisibilityLevels:\"1240,1024,778,480\",\n\t\t\t\t\t\t\t\tgridwidth:\"1300,1024,778,480\",\n\t\t\t\t\t\t\t\tgridheight:\"530,600,470,330\",\n\t\t\t\t\t\t\t\tperspective:600,\n\t\t\t\t\t\t\t\tperspectiveType:\"local\",\n\t\t\t\t\t\t\t\teditorheight:\"530,600,470,330\",\n\t\t\t\t\t\t\t\tresponsiveLevels:\"1240,1024,778,480\",\n\t\t\t\t\t\t\t\tprogressBar:{disableProgressBar:true},\n\t\t\t\t\t\t\t\tnavigation: {\n\t\t\t\t\t\t\t\t\tonHoverStop:false,\n\t\t\t\t\t\t\t\t\tarrows: {\n\t\t\t\t\t\t\t\t\t\tenable:true,\n\t\t\t\t\t\t\t\t\t\tstyle:\"customnavigation1\",\n\t\t\t\t\t\t\t\t\t\thide_onmobile:true,\n\t\t\t\t\t\t\t\t\t\thide_under:778,\n\t\t\t\t\t\t\t\t\t\tleft: {\n\t\t\t\t\t\t\t\t\t\t\th_offset:30\n\t\t\t\t\t\t\t\t\t\t},\n\t\t\t\t\t\t\t\t\t\tright: {\n\t\t\t\t\t\t\t\t\t\t\th_offset:30\n\t\t\t\t\t\t\t\t\t\t}\n\t\t\t\t\t\t\t\t\t}\n\t\t\t\t\t\t\t\t},\n\t\t\t\t\t\t\t\tparallax: {\n\t\t\t\t\t\t\t\t\tlevels:[5,10,15,20,25,30,35,40,45,46,47,48,49,50,51,30],\n\t\t\t\t\t\t\t\t\ttype:\"scroll\",\n\t\t\t\t\t\t\t\t\torigo:\"slideCenter\",\n\t\t\t\t\t\t\t\t\tspeed:0\n\t\t\t\t\t\t\t\t},\n\t\t\t\t\t\t\t\tviewPort: {\n\t\t\t\t\t\t\t\t\tenable:true\n\t\t\t\t\t\t\t\t},\n\t\t\t\t\t\t\t\tfallbacks: {\n\t\t\t\t\t\t\t\t\tallowHTML5AutoPlayOnAndroid:true\n\t\t\t\t\t\t\t\t},\n\t\t\t\t\t\t\t});\n\t\t\t\t\t\t}\n\t\t\t\t\t\t\n\t\t\t\t\t});\n\t\t\t\t\t} \/\/ End of RevInitScript\n\t\t\t\tvar once_revslider11 = false;\n\t\t\t\tif (document.readyState === \"loading\") {document.addEventListener('readystatechange',function() { if((document.readyState === \"interactive\" || document.readyState === \"complete\") && !once_revslider11 ) { once_revslider11 = true; revinit_revslider11();}});} else {once_revslider11 = true; revinit_revslider11();}\n\t\t\t\t<\/script>\n\t\t\t\t<script>\n\t\t\t\t\tvar htmlDivCss = unescape(\".customnavigation1.tparrows%20%7B%0A%09background%3A%20transparent%3B%0A%20%20width%3A%20auto%20%21important%3B%0A%7D%0A%0A.customnavigation1.tparrows%3Abefore%20%7B%0A%09font-family%3A%20%22linea-arrows-10%22%20%21important%3B%0A%09text-transform%3A%20none%20%21important%3B%0A%09color%3A%20%23fff%3B%0A%09font-size%3A%2050px%3B%0A%09display%3Ablock%3B%0A%09text-align%3A%20center%3B%0A%7D%0A%0A.customnavigation1.tparrows.tp-leftarrow%3Abefore%20%7B%0A%09content%3A%20%22%5Ce066%22%3B%0A%7D%0A%0A.customnavigation1.tparrows.tp-rightarrow%3Abefore%20%7B%0A%09content%3A%20%22%5Ce068%22%3B%0A%7D%0A\");\n\t\t\t\t\tvar htmlDiv = document.getElementById('rs-plugin-settings-inline-css');\n\t\t\t\t\tif(htmlDiv) {\n\t\t\t\t\t\thtmlDiv.innerHTML = htmlDiv.innerHTML + htmlDivCss;\n\t\t\t\t\t}else{\n\t\t\t\t\t\tvar htmlDiv = document.createElement('div');\n\t\t\t\t\t\thtmlDiv.innerHTML = '<style>' + htmlDivCss + '<\/style>';\n\t\t\t\t\t\tdocument.getElementsByTagName('head')[0].appendChild(htmlDiv.childNodes[0]);\n\t\t\t\t\t}\n\t\t\t\t<\/script>\n\t\t\t\t<script>\n\t\t\t\t\tvar htmlDivCss = unescape(\"%0A%0A%0A%0A\");\n\t\t\t\t\tvar htmlDiv = document.getElementById('rs-plugin-settings-inline-css');\n\t\t\t\t\tif(htmlDiv) {\n\t\t\t\t\t\thtmlDiv.innerHTML = htmlDiv.innerHTML + htmlDivCss;\n\t\t\t\t\t}else{\n\t\t\t\t\t\tvar htmlDiv = document.createElement('div');\n\t\t\t\t\t\thtmlDiv.innerHTML = '<style>' + htmlDivCss + '<\/style>';\n\t\t\t\t\t\tdocument.getElementsByTagName('head')[0].appendChild(htmlDiv.childNodes[0]);\n\t\t\t\t\t}\n\t\t\t\t<\/script>\n\t\t\t<\/rs-module-wrap>\n\t\t\t<!-- END REVOLUTION SLIDER -->\n<div class=\"qodef-shortcode qodef-m  qodef-separator clear \">\n\t<div class=\"qodef-m-line\" ><\/div>\n<\/div>[\/vc_column][\/vc_row][vc_row][vc_column][vc_column_text] [\/vc_column_text][\/vc_column][\/vc_row][vc_row][vc_column width=&#8221;1\/3&#8243; offset=&#8221;vc_col-lg-4 vc_col-md-12 vc_col-xs-12&#8243; css=&#8221;.vc_custom_1569574630372{padding-bottom: 30px !fontos;}&#8221;]<div class=\"qodef-shortcode qodef-m  qodef-image-with-text qodef-layout--text-below\">\n\t<div class=\"qodef-m-image\">\n\t\t\t<a href=\"https:\/\/www.fuleky-tokaj.hu\/eng\/wines\/\" target=\"_self\">\n\t\t\t\t\t\t<img loading=\"lazy\" decoding=\"async\" src=\"https:\/\/www.fuleky-tokaj.hu\/eng\/wp-content\/uploads\/2021\/02\/boraink-427x321.jpg\" alt=\"\" width=\"427\" height=\"321\" \/>\t\t\t\t\t<\/a>\n\t<\/div>\t<div class=\"qodef-m-content\">\n\t\t\t<h6 class=\"qodef-m-title\" >\n\t\t\t<a href=\"https:\/\/www.fuleky-tokaj.hu\/eng\/wines\/\" target=\"_self\">\n\t\tOur Wines\t\t\t<\/a>\n\t\t<\/h6>\n\t\t\t<\/div>\n<\/div>[vc_empty_space][\/vc_column][vc_column width=&#8221;1\/3&#8243; offset=&#8221;vc_col-lg-4 vc_col-md-12 vc_col-xs-12&#8243; css=&#8221;.vc_custom_1569574484323{padding-bottom: 30px !important;}&#8221;]<div class=\"qodef-shortcode qodef-m  qodef-image-with-text qodef-layout--text-below\">\n\t<div class=\"qodef-m-image\">\n\t\t\t<a href=\"https:\/\/www.fuleky-tokaj.hu\/eng\/fulopthephenomenon\/\" target=\"_self\">\n\t\t\t\t\t\t<img loading=\"lazy\" decoding=\"async\" src=\"https:\/\/www.fuleky-tokaj.hu\/eng\/wp-content\/uploads\/2018\/11\/Fulop.Csop_.Hungk_-e1601154503339-427x321.jpg\" alt=\"\" width=\"427\" height=\"321\" \/>\t\t\t\t\t<\/a>\n\t<\/div>\t<div class=\"qodef-m-content\">\n\t\t\t<h6 class=\"qodef-m-title\" >\n\t\t\t<a href=\"https:\/\/www.fuleky-tokaj.hu\/eng\/fulopthephenomenon\/\" target=\"_self\">\n\t\tF\u00fcl\u00f6p the Phenomenon\t\t\t<\/a>\n\t\t<\/h6>\n\t\t\t<\/div>\n<\/div>[vc_empty_space][\/vc_column][vc_column width=&#8221;1\/3&#8243;]<div class=\"qodef-shortcode qodef-m  qodef-image-with-text qodef-layout--text-below\">\n\t<div class=\"qodef-m-image\">\n\t\t\t<a href=\"https:\/\/www.fuleky-tokaj.hu\/eng\/tokaj\" target=\"_self\">\n\t\t\t\t\t\t<img loading=\"lazy\" decoding=\"async\" src=\"https:\/\/www.fuleky-tokaj.hu\/eng\/wp-content\/uploads\/2021\/02\/borvidek-427x321.jpg\" alt=\"\" width=\"427\" height=\"321\" \/>\t\t\t\t\t<\/a>\n\t<\/div>\t<div class=\"qodef-m-content\">\n\t\t\t<h6 class=\"qodef-m-title\" >\n\t\t\t<a href=\"https:\/\/www.fuleky-tokaj.hu\/eng\/tokaj\" target=\"_self\">\n\t\tTokaj\t\t\t<\/a>\n\t\t<\/h6>\n\t\t\t<\/div>\n<\/div>[vc_empty_space][\/vc_column][\/vc_row][vc_row][vc_column][vc_column_text] [\/vc_column_text][\/vc_column][\/vc_row][vc_row][vc_column css=&#8221;.vc_custom_1570530089359{padding-right: 18px !important;padding-bottom: 29px !important;padding-left: 18px !important;}&#8221; column_responsive_padding_1440=&#8221;0 18px 0 18px&#8221; column_responsive_padding_1024=&#8221;0 18px 0 18px&#8221; column_responsive_padding_1280=&#8221;0 18px 0 18px&#8221; column_responsive_padding_768=&#8221;0 18px 0 18px&#8221;]<div class=\"qodef-shortcode qodef-m  qodef-separator clear \">\n\t<div class=\"qodef-m-line\" ><\/div>\n<\/div>[\/vc_column][\/vc_row][vc_row][vc_column][vc_column_text] [\/vc_column_text][\/vc_column][\/vc_row][vc_row][vc_column width=&#8221;2\/3&#8243;][vc_column_text css_animation=&#8221;fadeInDown&#8221;]<\/p>\n<h3 style=\"text-align: center;\">F\u00dcLEKY TOKAJ ESTATE<\/h3>\n<p>[\/vc_column_text][vc_empty_space height=&#8221;20px&#8221;][vc_column_text css_animation=&#8221;fadeInDown&#8221;]F\u00fcleky Tokaj Estate is a boutique winery in Bodrogkereszt\u00far village at foot of Tokaj Hill, on the bank of Bodrog River. Bodrogkereszt\u00far is not only a village of Tokaji wines but a favourite nesting place for storks. One of their wine brands was named of a local existing stork named <em>F\u00fcl\u00f6p<\/em>. From the income, they are supporting maintenance of stork nests, creation of stork nest stands and electric insulation to protect birds.<\/p>\n<p>The winery makes well balanced and elegant wines with firm acidity. F\u00fcleky wines reflect the vision of the skilled team, the volcanic terroir of their vineyards in Bodrogkereszt\u00far, Tokaj, Tarcal, Szegi and M\u00e1d villages, at eleven different historical \u201cVineyard Sites\u201d (growth place, cru, tract, etc). Lands are located in the southern part of the Tokaj region.<\/p>\n<p>The\u00a0beautifully renovated and restored 18th-century Baroque F\u00fcleky\u00a0mansion and the winery are in the centre of\u00a0Bodrogkereszt\u00far village, where is located the tomb of the wonder rabbi Reb Steiner Saje. It makes the village a world famous place of pilgrimage. Constructed from local stone, the modern winery that is in keeping with the\u00a0historic surroundings was voted\u00a0the Industrial Building of the Year 2011 award\u00a0in the online poll of ArchDaily com, the world\u2019s most popular architecture\u00a0website.\u00a0The\u00a0winery was named after Gy\u00f6rgy F\u00fcleky, founder of the First Tokaj Wine\u00a0Growers\u2019 Society.<\/p>\n<p>Founded\u00a0in 1998, the estate owns 25 hectares\u00a0in the best vineyards in the Tokaj\u00a0wine region, at eleven different locations: <em>Teleki, Vinnai,\u00a0Bakonyi,\u00a0Dobai, Mesterv\u00f6lgy, \u00dar\u00e1gya, Kir\u00e1ly, Veresek, Somos, Sajg\u00f3, Palandor.<\/em><\/p>\n<p>They are constantly experimenting in the vineyard and do everything to get to know their lands\u2019 characteristics and the opportunities they hide within by making single-vineyard wines.<\/p>\n<p><em>F\u00dcLEKY TOKAJ <\/em>estate wine, single-vineyard, late harvest and Aszu\u0301 wines all share balance and elegance. <em>F\u00dcL\u00d6P the Phenomenon, Bodorgkereszt\u00far\u2019s white stork brand<\/em>, their second label contains a dry and a late harvest wine.[\/vc_column_text][vc_column_text css_animation=&#8221;fadeInDown&#8221;]<strong><u>Medals and Diplomas:<\/u><\/strong>[\/vc_column_text][vc_empty_space height=&#8221;20px&#8221;]<div class=\"qodef-icon-list-item qodef-icon--icon-pack\" >\n\t<p class=\"qodef-e-title\" >\n\t\t\t<span class=\"qodef-e-title-inner\">\n\t\t\t\t<span class=\"qodef-shortcode qodef-m  qodef-icon-holder qodef-size--default qodef-layout--normal\"  >\t    <span class=\"qodef-icon-dripicons dripicons-dot qodef-icon qodef-e\" style=\"\" ><\/span>    <\/span>\t\t\t\t<span class=\"qodef-e-title-text\">F\u00fcleky Tokaji Furmint 2014: Decanter 2021: Silver Medal<\/span>\n\t\t\t<\/span>\n\t\t<\/p>\n<\/div>[vc_empty_space height=&#8221;20px&#8221;]<div class=\"qodef-icon-list-item qodef-icon--icon-pack\" >\n\t<p class=\"qodef-e-title\" >\n\t\t\t<span class=\"qodef-e-title-inner\">\n\t\t\t\t<span class=\"qodef-shortcode qodef-m  qodef-icon-holder qodef-size--default qodef-layout--normal\"  >\t    <span class=\"qodef-icon-dripicons dripicons-dot qodef-icon qodef-e\" style=\"\" ><\/span>    <\/span>\t\t\t\t<span class=\"qodef-e-title-text\">F\u00fcleky Tokaji Furmint 2015: Winner of Grand Superior selection of Ministry of Foreign Affairs and Trade in 2019<\/span>\n\t\t\t<\/span>\n\t\t<\/p>\n<\/div>[vc_empty_space height=&#8221;20px&#8221;]<div class=\"qodef-icon-list-item qodef-icon--icon-pack\" >\n\t<p class=\"qodef-e-title\" >\n\t\t\t<span class=\"qodef-e-title-inner\">\n\t\t\t\t<span class=\"qodef-shortcode qodef-m  qodef-icon-holder qodef-size--default qodef-layout--normal\"  >\t    <span class=\"qodef-icon-dripicons dripicons-dot qodef-icon qodef-e\" style=\"\" ><\/span>    <\/span>\t\t\t\t<span class=\"qodef-e-title-text\">F\u00fcleky Pallas Late Harvest Tokaji 2016: * Berliner Wine Trophy 2019: Gold Medal<\/span>\n\t\t\t<\/span>\n\t\t<\/p>\n<\/div>[vc_empty_space height=&#8221;20px&#8221;]<div class=\"qodef-icon-list-item qodef-icon--icon-pack\" >\n\t<p class=\"qodef-e-title\" >\n\t\t\t<span class=\"qodef-e-title-inner\">\n\t\t\t\t<span class=\"qodef-shortcode qodef-m  qodef-icon-holder qodef-size--default qodef-layout--normal\"  >\t    <span class=\"qodef-icon-dripicons dripicons-dot qodef-icon qodef-e\" style=\"\" ><\/span>    <\/span>\t\t\t\t<span class=\"qodef-e-title-text\">F\u00fcleky Tokaji Asz\u00fa 6 puttonyos 2013: * Berliner Wine Trophy 2019: Grand Gold Medal * Decanter 2019: Silver Medal * Wine of the Year 2019 at the Hungarian Academy of Sciences<\/span>\n\t\t\t<\/span>\n\t\t<\/p>\n<\/div>[vc_empty_space height=&#8221;20px&#8221;]<div class=\"qodef-icon-list-item qodef-icon--icon-pack\" >\n\t<p class=\"qodef-e-title\" >\n\t\t\t<span class=\"qodef-e-title-inner\">\n\t\t\t\t<span class=\"qodef-shortcode qodef-m  qodef-icon-holder qodef-size--default qodef-layout--normal\"  >\t    <span class=\"qodef-icon-dripicons dripicons-dot qodef-icon qodef-e\" style=\"\" ><\/span>    <\/span>\t\t\t\t<span class=\"qodef-e-title-text\">F\u00fcleky Tokaji Asz\u00fa 6 puttonyos 2007: * Decanter 2019: Gold Medal<\/span>\n\t\t\t<\/span>\n\t\t<\/p>\n<\/div>[vc_empty_space height=&#8221;20px&#8221;]<div class=\"qodef-icon-list-item qodef-icon--icon-pack\" >\n\t<p class=\"qodef-e-title\" >\n\t\t\t<span class=\"qodef-e-title-inner\">\n\t\t\t\t<span class=\"qodef-shortcode qodef-m  qodef-icon-holder qodef-size--default qodef-layout--normal\"  >\t    <span class=\"qodef-icon-dripicons dripicons-dot qodef-icon qodef-e\" style=\"\" ><\/span>    <\/span>\t\t\t\t<span class=\"qodef-e-title-text\">F\u00fcl\u00f6p Late Harvest Tokaji 2014: * Berliner Wine Trophy 2019: Gold Medal<\/span>\n\t\t\t<\/span>\n\t\t<\/p>\n<\/div>[\/vc_column][vc_column width=&#8221;1\/3&#8243;][vc_empty_space]<div class=\"qodef-shortcode qodef-m  qodef-image-with-text qodef-layout--text-below\">\n\t<div class=\"qodef-m-image\">\n\t\t\t<a href=\"https:\/\/www.fuleky-tokaj.hu\/eng\/guesthouse\/\" target=\"_self\">\n\t\t\t\t\t\t<img loading=\"lazy\" decoding=\"async\" width=\"800\" height=\"600\" src=\"https:\/\/www.fuleky-tokaj.hu\/eng\/wp-content\/uploads\/2021\/02\/vendeghaz.jpg\" class=\"attachment-full size-full\" alt=\"\" srcset=\"https:\/\/www.fuleky-tokaj.hu\/eng\/wp-content\/uploads\/2021\/02\/vendeghaz.jpg 800w, https:\/\/www.fuleky-tokaj.hu\/eng\/wp-content\/uploads\/2021\/02\/vendeghaz-300x225.jpg 300w, https:\/\/www.fuleky-tokaj.hu\/eng\/wp-content\/uploads\/2021\/02\/vendeghaz-768x576.jpg 768w\" sizes=\"auto, (max-width: 800px) 100vw, 800px\" \/>\t\t\t\t\t<\/a>\n\t<\/div>\t<div class=\"qodef-m-content\">\n\t\t\t<h6 class=\"qodef-m-title\" >\n\t\t\t<a href=\"https:\/\/www.fuleky-tokaj.hu\/eng\/guesthouse\/\" target=\"_self\">\n\t\tLive in an XVIII. century mansion!\t\t\t<\/a>\n\t\t<\/h6>\n\t\t\t<\/div>\n<\/div>[vc_empty_space][vc_empty_space]<div class=\"qodef-shortcode qodef-m  qodef-image-with-text qodef-layout--text-below\">\n\t<div class=\"qodef-m-image\">\n\t\t\t<a href=\"https:\/\/www.fuleky-tokaj.hu\/eng\/csabaharmath\/\" target=\"_self\">\n\t\t\t\t\t\t<img loading=\"lazy\" decoding=\"async\" width=\"1747\" height=\"1350\" src=\"https:\/\/www.fuleky-tokaj.hu\/eng\/wp-content\/uploads\/2022\/05\/IMG_2590-conv-scaled-e1652343274490.jpeg\" class=\"attachment-full size-full\" alt=\"\" srcset=\"https:\/\/www.fuleky-tokaj.hu\/eng\/wp-content\/uploads\/2022\/05\/IMG_2590-conv-scaled-e1652343274490.jpeg 1747w, https:\/\/www.fuleky-tokaj.hu\/eng\/wp-content\/uploads\/2022\/05\/IMG_2590-conv-scaled-e1652343274490-300x232.jpeg 300w, https:\/\/www.fuleky-tokaj.hu\/eng\/wp-content\/uploads\/2022\/05\/IMG_2590-conv-scaled-e1652343274490-1024x791.jpeg 1024w, https:\/\/www.fuleky-tokaj.hu\/eng\/wp-content\/uploads\/2022\/05\/IMG_2590-conv-scaled-e1652343274490-768x593.jpeg 768w, https:\/\/www.fuleky-tokaj.hu\/eng\/wp-content\/uploads\/2022\/05\/IMG_2590-conv-scaled-e1652343274490-1536x1187.jpeg 1536w\" sizes=\"auto, (max-width: 1747px) 100vw, 1747px\" \/>\t\t\t\t\t<\/a>\n\t<\/div>\t<div class=\"qodef-m-content\">\n\t\t\t<h6 class=\"qodef-m-title\" >\n\t\t\t<a href=\"https:\/\/www.fuleky-tokaj.hu\/eng\/csabaharmath\/\" target=\"_self\">\n\t\tCsaba Harmath\t\t\t<\/a>\n\t\t<\/h6>\n\t\t\t<p class=\"qodef-m-text\" >gastronomic expert of F\u00fcleky Tokaj Estate<\/p>\n\t<\/div>\n<\/div>[\/vc_column][\/vc_row][vc_row][vc_column][\/vc_column][\/vc_row][vc_row][vc_column css=&#8221;.vc_custom_1568802366574{padding-top: 30px !important;}&#8221;]<div class=\"qodef-shortcode qodef-m  qodef-separator clear \">\n\t<div class=\"qodef-m-line\" ><\/div>\n<\/div>[vc_empty_space][vc_video link=&#8221;https:\/\/youtu.be\/NXsntHUZlfQ&#8221; el_aspect=&#8221;235&#8243;][vc_empty_space]<div class=\"qodef-shortcode qodef-m  qodef-separator clear \">\n\t<div class=\"qodef-m-line\" ><\/div>\n<\/div>[\/vc_column][\/vc_row][vc_row][vc_column][vc_empty_space][vc_column_text]<\/p>\n<h4 style=\"text-align: center;\"><a href=\"https:\/\/web.facebook.com\/fulekypinceszet\/#\">Visit our Facebook page to have our news and actuality<\/a><\/h4>\n<p>[\/vc_column_text][vc_empty_space][\/vc_column][\/vc_row][vc_row][vc_column][vc_icon type=&#8221;openiconic&#8221; icon_openiconic=&#8221;vc-oi vc-oi-info&#8221; color=&#8221;sandy_brown&#8221; background_style=&#8221;rounded&#8221; size=&#8221;lg&#8221; align=&#8221;center&#8221;][\/vc_column][\/vc_row][vc_row][vc_column width=&#8221;1\/2&#8243; css=&#8221;.vc_custom_1601929337979{padding-left: 50px !important;}&#8221;][vc_column_text]<\/p>\n<h5>F\u00dcLEKY WINE OPENING<\/h5>\n<p>Monday: 9AM \u2013 4PM<br \/>\nTuesday: 9AM \u2013 4PM<br \/>\nWednesday: 9AM \u2013 4PM<br \/>\nThursday: 9AM \u2013 4PM<br \/>\nFriday: 9AM \u2013 4PM<br \/>\nSaturday: Call our colleague<\/p>\n<p>&nbsp;<\/p>\n<p>In out of office hours call our colleague.<\/p>\n<p><em>+36 20 414 4665<\/em>[\/vc_column_text][\/vc_column][vc_column width=&#8221;1\/2&#8243; css=&#8221;.vc_custom_1601929199854{padding-left: 25px !important;}&#8221;][vc_column_text css=&#8221;.vc_custom_1650628287115{padding-left: 50px !important;}&#8221;]<\/p>\n<h5><span class=\"goog-text-highlight\">WINE TASTING &amp; CELLAR VISIT<\/span><\/h5>\n<p>To arrange a visit:<br \/>\n+36 20 9 716 783, +36 20 414 4665,<br \/>\n<a href=\"mailto:sales@fuleky-tokaj.hu\">sales@fuleky-tokaj.hu<\/a>[\/vc_column_text][\/vc_column][\/vc_row][vc_row][vc_column][vc_empty_space height=&#8221;24px&#8221;]<div class=\"qodef-shortcode qodef-m  qodef-separator clear \">\n\t<div class=\"qodef-m-line\" ><\/div>\n<\/div>[\/vc_column][\/vc_row][vc_row][vc_column width=&#8221;1\/3&#8243;][vc_column_text]<a href=\"https:\/\/bor.hu\/\" target=\"_blank\" rel=\"noopener noreferrer\"><img loading=\"lazy\" decoding=\"async\" class=\"aligncenter wp-image-5589 size-full\" src=\"https:\/\/www.fuleky-tokaj.hu\/eng\/wp-content\/uploads\/2021\/02\/Wines-os-Hungary-2-e1614273359552.png\" alt=\"\" width=\"216\" height=\"92\" \/><\/a>[\/vc_column_text][\/vc_column][vc_column width=&#8221;1\/3&#8243;][vc_column_text]<img loading=\"lazy\" decoding=\"async\" class=\"aligncenter size-full wp-image-4873\" src=\"https:\/\/www.fuleky-tokaj.hu\/eng\/wp-content\/uploads\/2020\/09\/umvp_logo_fekvo-300x92-1.png\" alt=\"\" width=\"300\" height=\"92\" \/>[\/vc_column_text][\/vc_column][vc_column width=&#8221;1\/3&#8243;][vc_column_text]<a href=\"https:\/\/www.wineinmoderation.eu\/\" target=\"_blank\" rel=\"noopener noreferrer\"><img loading=\"lazy\" decoding=\"async\" class=\"aligncenter size-medium wp-image-5588\" src=\"https:\/\/www.fuleky-tokaj.hu\/wp-content\/uploads\/2021\/02\/WiM_Baseline-inside_Gradient-300x86.png\" alt=\"\" width=\"300\" height=\"86\" \/><\/a>[\/vc_column_text][\/vc_column][\/vc_row][vc_row][vc_column][vc_empty_space height=&#8221;24px&#8221;][\/vc_column][\/vc_row][vc_row][vc_column]<div class=\"qodef-shortcode qodef-m  qodef-separator clear \">\n\t<div class=\"qodef-m-line\" ><\/div>\n<\/div>[\/vc_column][\/vc_row]<\/p>\n","protected":false},"excerpt":{"rendered":"<p>[vc_row][vc_column][\/vc_column][\/vc_row][vc_row][vc_column css=&#8221;.vc_custom_1570530089359{padding-right: 18px !important;padding-bottom: 29px !important;padding-left: 18px !important;}&#8221; column_responsive_padding_1440=&#8221;0 18px 0 18px&#8221; column_responsive_padding_1024=&#8221;0 18px 0 18px&#8221; column_responsive_padding_1280=&#8221;0 18px 0 18px&#8221; column_responsive_padding_768=&#8221;0 18px 0 18px&#8221;][\/vc_column][\/vc_row][vc_row][vc_column][vc_column_text] [\/vc_column_text][\/vc_column][\/vc_row][vc_row][vc_column width=&#8221;1\/3&#8243; offset=&#8221;vc_col-lg-4 vc_col-md-12 vc_col-xs-12&#8243; css=&#8221;.vc_custom_1569574630372{padding-bottom: 30px !fontos;}&#8221;][vc_empty_space][\/vc_column][vc_column width=&#8221;1\/3&#8243; offset=&#8221;vc_col-lg-4 vc_col-md-12 vc_col-xs-12&#8243; css=&#8221;.vc_custom_1569574484323{padding-bottom: 30px !important;}&#8221;][vc_empty_space][\/vc_column][vc_column width=&#8221;1\/3&#8243;][vc_empty_space][\/vc_column][\/vc_row][vc_row][vc_column][vc_column_text] [\/vc_column_text][\/vc_column][\/vc_row][vc_row][vc_column css=&#8221;.vc_custom_1570530089359{padding-right: 18px !important;padding-bottom: 29px !important;padding-left: 18px !important;}&#8221; column_responsive_padding_1440=&#8221;0 18px 0 18px&#8221; column_responsive_padding_1024=&#8221;0 18px 0 [&hellip;]<\/p>\n","protected":false},"author":1,"featured_media":0,"parent":0,"menu_order":0,"comment_status":"closed","ping_status":"open","template":"","meta":{"_monsterinsights_skip_tracking":false,"_monsterinsights_sitenote_active":false,"_monsterinsights_sitenote_note":"","_monsterinsights_sitenote_category":0,"footnotes":""},"class_list":["post-1769","page","type-page","status-publish","hentry"],"_links":{"self":[{"href":"https:\/\/www.fuleky-tokaj.hu\/eng\/wp-json\/wp\/v2\/pages\/1769","targetHints":{"allow":["GET"]}}],"collection":[{"href":"https:\/\/www.fuleky-tokaj.hu\/eng\/wp-json\/wp\/v2\/pages"}],"about":[{"href":"https:\/\/www.fuleky-tokaj.hu\/eng\/wp-json\/wp\/v2\/types\/page"}],"author":[{"embeddable":true,"href":"https:\/\/www.fuleky-tokaj.hu\/eng\/wp-json\/wp\/v2\/users\/1"}],"replies":[{"embeddable":true,"href":"https:\/\/www.fuleky-tokaj.hu\/eng\/wp-json\/wp\/v2\/comments?post=1769"}],"version-history":[{"count":30,"href":"https:\/\/www.fuleky-tokaj.hu\/eng\/wp-json\/wp\/v2\/pages\/1769\/revisions"}],"predecessor-version":[{"id":6881,"href":"https:\/\/www.fuleky-tokaj.hu\/eng\/wp-json\/wp\/v2\/pages\/1769\/revisions\/6881"}],"wp:attachment":[{"href":"https:\/\/www.fuleky-tokaj.hu\/eng\/wp-json\/wp\/v2\/media?parent=1769"}],"curies":[{"name":"wp","href":"https:\/\/api.w.org\/{rel}","templated":true}]}}